WEATHER (Reports)

Walker Flat, South Australia    

home    gauges    today/yesterday    observations    reports    graphs    status
cam    month/year    monthly records   data   extremes   links   android   about

 

NOAA Style Reports Select the month or click ∨/∧ for other years data
Select a Year or Month report
V/Λ2019 > Jan Feb Mar Apr May Jun Jul Aug Sep Oct Nov Dec
V/Λ2018 > Jan Feb Mar Apr May Jun Jul Aug Sep Oct Nov Dec
V/Λ2017 > Jan Feb Mar Apr May Jun Jul Aug Sep Oct Nov Dec
V/Λ2016 > Jan Feb Mar Apr May Jun Jul Aug Sep Oct Nov Dec
V/Λ2015 > Jan Feb Mar Apr May Jun Jul Aug Sep Oct Nov Dec
V/Λ2014 > Jan Feb Mar Apr May Jun Jul Aug Sep Oct Nov Dec

Report for 2019 Oct
                   Monthly Climatological Summary for Oct 2019

Name: Walker Flat Weather   City: Walker Flat   State: SA
Elevation: 25 m  Lat: S 34° 45' 23"   Lon: E 139° 34' 12"

                  Temperature (°C), Rain (mm), Wind Speed (km/h)

                                      Heat  Cool        Avg
    Mean                              Deg   Deg         Wind                 Dom
Day Temp  High   Time   Low    Time   Days  Days  Rain  Speed High   Time    Dir
----------------------------------------------------------------------------------
 1  19.6  26.7   4:35p  13.8   6:04a   1.2   2.4   0.0   6.6  29.0  10:27a    NE
 2  20.8  32.3   2:47p  13.4   6:52a   2.0   4.5   0.0   7.5  35.4  12:33p     W
 3  16.5  25.7   2:17p  12.2   2:08a   3.1   1.3   0.0   6.1  30.6   5:25p    SW
 4  19.8  29.0   5:03p  13.1   6:03a   1.3   2.7   0.0   5.5  35.4  11:08a    NE
 5  23.8  31.2   4:51p  17.5   6:26a   0.1   5.6   0.0   5.7  33.8   8:58a   NNW
 6  16.6  21.8   2:37p  12.5   7:04a   2.4   0.7   0.0   9.4  40.2   2:52p     W
 7  13.8  18.8   2:03p   8.2   7:27a   4.5   0.0   0.0  10.7  49.9   9:08a     W
 8  11.2  16.3   3:20p   6.1   6:00a   7.1   0.0   0.0   8.6  41.8  10:37a    SW
 9  12.4  18.9   4:41p   6.6   6:43a   6.0   0.0   0.0   4.8  27.4   7:01p   SSW
10  14.0  21.2   4:02p   7.3   6:58a   4.7   0.4   0.0   4.1  24.1   6:13p   SSW
11  14.5  21.9   4:24p   7.4   6:50a   4.5   0.7   0.0   4.2  29.0   7:15p    SW
12  18.9  25.2   4:01p  14.3   2:54a   1.3   1.8   0.0   3.6  37.0   9:30a   ENE
13  17.7  25.2  12:25p  11.2   7:12a   2.1   1.4   0.4   4.8  32.2  11:56a   SSW
14  15.2  22.6   2:52p   9.3   7:14a   3.9   0.8   0.0   6.4  35.4   4:05p   SSW
15  15.7  21.0   3:03p  11.4   6:13a   3.1   0.5   1.2   3.4  27.4   7:17p     S
16  14.3  20.6   4:00p   9.4   6:42a   4.1   0.2   0.0  10.5  45.1   9:25a     S
17  13.0  19.6   4:39p   6.2   6:35a   5.4   0.1   0.0   6.4  48.3  11:35a     S
18  16.1  22.7   2:33p  11.2   3:07a   3.2   1.0   0.0  10.7  51.5   3:33p     S
19  12.8  18.5   3:27p   7.8   3:22a   5.5   0.0   0.0   8.9  45.1  12:34p     S
20  13.7  21.5   3:25p   6.5   6:14a   5.0   0.5   0.0   4.9  27.4   4:47p   SSW
----------------------------------------------------------------------------------
    16.0  32.3     2     6.1     8    70.5  24.6   1.6   6.6  51.5    18      SW

Max >=  27.0:  3
Max <=   0.0:  0
Min <=   0.0:  0
Min <= -18.0:  0
Max Rain: 1.2 on day 15
Days of Rain: 2 (>= 0.2 mm)  0 (>= 2.0 mm)  0 (>= 20.0 mm)
Heat Base: 18.3  Cool Base: 18.3  Method: Integration

The information provided herein is for informational purposes only and is not guaranteed to be accurate in any way. Do not make any life threatening decisions either directly or indirectly based on the information herein, no responsibility is accepted for any injuries, accidents or other incidents whether fatal or non-fatal, as a direct or indirect result of actions taken based upon the information herein.
Please refer to the Australian Government Bureau of Meteorology for the official weather and forecast.





page updated 21/10/2019 9:00:01 AM
powered by  cumulus v1.9.4 (1099)
cumulus software support forum
maintained by  Ankara Youth Camp

Flag Counter